2)/(-3 - 1)). What is the remainder when f(l) is divided by c?
1
Let t(g) be the second derivative of g**3 - 3*g**2/2 - 3*g. Calculate the remainder when t(8) is divided by 12.
9
Suppose -2*t = i - 2 - 2, -4*i - 8 = 2*t. Let x = 123 + -84. What is the remainder when x is divided by (-5)/t*-1*16?
19
Let s = 7 - 5. Suppose -5*g + s*d = -2*g - 23, 5*g = 3*d + 37. What is the remainder when 9 is divided by g?
4
Let u = -12 - -33. Suppose 3*n + 0*n - u = 0. Calculate the remainder when 12 is divided by n.
5
Let l = 26 + -21. What is the remainder when 8 is divided by l?
3
Let a = 5 + -5. Let g = a + 4. What is the remainder when 15 is divided by g?
3
Suppose -5*s + 2*m + 210 = 0, 5*s = 6*s - 5*m - 42. Calculate the remainder when 78 is divided by s.
36
Let l = 16 - 11. Calculate the remainder when 8 is divided by l.
3
Suppose m - a - 6 = 0, -m + 5 - 2 = -4*a. Let j be (-33)/15 - (-2)/10. Let z(y) = -y**3 - 2*y**2 - y + 1. What is the remainder when m is divided by z(j)?
1
Let m(v) = -9*v**3 - 2*v**2 - 3 + 0 + 4 + v**2. Calculate the remainder when 25 is divided by m(-1).
7
Suppose -3*z + q = -35, z = 3*q - q + 10. Calculate the remainder when z is divided by 5.
2
Suppose 5*o - 4*z - 4 = 18, -2*z = -3*o + 12. Suppose 5 = 4*g - 3. Suppose -6 = 3*v - 3*n, g*v + 1 = -0*v + n. What is the remainder when o is divided by v?
0
Suppose -3*r + 13 = -5*q, 11 = 4*r - 2*q + 3. What is the remainder when r is divided by ((-2)/8)/(9/(-36))?
0
Suppose -3*g + 6 = -0*g + 5*u, -3*u = -g + 2. Calculate the remainder when 18 is divided by g/5 - 138/(-30).
3
Let b = -122 + 127. Calculate the remainder when 53 is divided by b.
3
Suppose -3*d = 9, -4*z - 2*d + 151 = -3*d. Suppose 0 = -4*g + 3*c + 49, c = 3*g - c - z. Let v = -27 + 34. Calculate the remainder when g is divided by v.
6
Suppose 5*f - 3 = 7. Suppose -2*l + 128 = f*l. Calculate the remainder when l is divided by 11.
10
Let w(t) = -t**3 + 3*t**2 + t + 2. Suppose 0 = -4*n + 16 + 40. What is the remainder when w(-3) is divided by n?
11
Let o(s) = -s**2 - 20*s + 38. What is the remainder when o(-19) is divided by 21?
15
Let u be (-63)/(-12) - (-1)/(-4). Suppose 5*p + 0*p + 4*g = 32, -2*p - u*g + 6 = 0. Let q(r) = r + 1. What is the remainder when p is divided by q(2)?
2
Suppose -12 = -4*q + 248. Calculate the remainder when q is divided by 17.
14
Let o = 42 - 32. Calculate the remainder when 27 is divided by o.
7
Let d be 1/((-3)/(-6) + 0). Suppose -d*f - f = 54. Let g = 43 + f. What is the remainder when g is divided by 9?
7
Let h = -43 - -105. What is the remainder when h is divided by 16?
14
Suppose 5*z + 5*m = 105, -4*z + z = -2*m - 58. Calculate the remainder when 49 is divided by z.
9
Let r(j) = -9*j - 4. Calculate the remainder when r(-6) is divided by (-9)/(-6)*-1*104/(-12).
11
Let s(a) = 2*a**2 - 3*a + 10. Calculate the remainder when s(6) is divided by 13.
12
Let z(v) be the third derivative of v**5/60 + v**4/24 - 7*v**3/6 + 5*v**2. Calculate the remainder when z(-5) is divided by 4.
1
Suppose -p + 48 = 2*p. Calculate the remainder when 28 is divided by p.
12
Suppose 4*u + 10 + 32 = s, -s + u + 39 = 0. Let x = s - 25. What is the remainder when x is divided by 8?
5
Let r(g) = 22*g**2 - 4*g - 1. Let b(x) = -x**3 + 7*x**2 - 6*x + 3. Let z be b(6). Let a = 10 - z. Calculate the remainder when r(-1) is divided by a.
4
Let i be ((-4)/6)/(4/6). Let r be 2 + 1 + (i - 0). Suppose r*a = 3*a + 3*j - 30, -a + j + 38 = 0. Calculate the remainder when a is divided by 19.
17
Suppose -6*s - 3*k = -s + 55, 2 = s - 2*k. Let f be 3/(-5) + s/20. What is the remainder when (-11)/((-2 - -3)*f) is divided by 6?
5
Suppose 0*r - 5*r - 56 = -q, 0 = 5*q - 3*r - 214. Let d = 4 - -11. Calculate the remainder when q is divided by d.
11
Let v(y) = 2*y**2 + 5*y - 54. Calculate the remainder when 38 is divided by v(5).
17
Let d = 53 - 7. Calculate the remainder when d is divided by 16.
14
Let y = 1276 - 876. Suppose q - 178 = 2*v - 58, 0 = -3*q - 4*v + y. Let l = q + -79. What is the remainder when l is divided by 13?
10
Let u = -1 + 5. Let w = -1 + u. Suppose 4*m + 4*q = 100, w*m - 26 = 2*q + 29. What is the remainder when m is divided by 11?
10
Suppose 5*y - 88 = 2*u, -6*u - 20 = -u. Calculate the remainder when 76 is divided by y.
12
Let r = 28 + 49. Calculate the remainder when r is divided by 20.
17
Suppose -5*z + 9 = 2*a - 0, 3*z = 3. Suppose 2*p - 4 = p. Suppose 0 = 5*n + a*i - 37, -p*i + 44 = 5*n + 5. Calculate the remainder when 19 is divided by n.
5
Suppose 8*y - 3*y - 15 = 5*s, -1 = -5*s + y. Calculate the remainder when 4 is divided by s.
0
Suppose -s = -p - 5, 2*s + 3*p = -0*s + 15. Calculate the remainder when 27 is divided by s.
3
Suppose -7 = -2*m + 41. Calculate the remainder when m is divided by 13.
11
Let t = 10 + -5. Suppose 4*l = 2*v - 72, 3*v - v + t*l = 117. What is the remainder when v is divided by 8?
6
Let a = 78 - -13. Calculate the remainder when a is divided by 31.
29
Let t(c) = c + 4. Suppose 0*v = -v. What is the remainder when 6 is divided by t(v)?
2
Let f be (1 + 0/1)*6. Suppose 3*s = -0 - f. Let h = 2 - s. Calculate the remainder when 11 is divided by h.
3
Suppose 5*x - 346 = 1524. What is the remainder when x/12 - (-1)/(-6) is divided by 16?
15
Let f(x) = 10*x + 3. Let v be 12 - 6 - (0 + 0). Let a be f(v). Let g = a + -31. What is the remainder when g is divided by 11?
10
Suppose 2*b + 30 = 3*b. Suppose 5*y - 160 = -3*s, 2*s - b = -2*y + 30. What is the remainder when y is divided by 12?
11
Suppose -5*r + 4 = -36. Let j be (-24)/(-10) + 2/(-5). Suppose 5*u - 6 - 12 = -q, j*q = 6. What is the remainder when r is divided by u?
2
Let i = -28 + 41. Suppose 4*h - l = l + 72, -40 = -3*h + 5*l. Suppose -13 = -r + 5*t, h = 2*t + 2*t. What is the remainder when r is divided by i?
12
What is the remainder when 48 is divided by (2 - 3) + 5 + 13?
14
Suppose -2*g = 10*g - 660. Calculate the remainder when g is divided by 29.
26
Suppose 3*j - 112 = -j. Suppose 0 = 3*y - 3*k - 24, y = -k - 2*k + j. Suppose 6 + 6 = -c + 4*i, y = c + i. What is the remainder when 15 is divided by c?
7
Suppose 51 = -0*t + 3*t. What is the remainder when t is divided by 7?
3
Suppose 12*z + 128 = 332. Suppose 30 = 3*v - 0. What is the remainder when z is divided by v?
7
What is the remainder when 3 is divided by (-1)/(-3) + (-4)/(-6)?
0
Suppose 2*y - 32 = -3*r, -y = -0*r + 2*r - 15. Calculate the remainder when 73 is divided by y.
16
Let o(z) = -z**2 + 6*z - 5. Let w be o(4). Suppose 2*c - 52 = p, w*c - 3*p - 2*p = 78. Suppose 3*g - c + 8 = 0. What is the remainder when g is divided by 4?
2
Let w(j) = -j**2 + 8*j + 9. Let y be w(9). Suppose 3*n - 3*d - 12 = 2*n, y = -n - 2*d - 3. What is the remainder when n is divided by 1?
0
Suppose -2*t = -29 + 3. Calculate the remainder when 50 is divided by t.
11
Calculate the remainder when (-2)/(-3)*((-75)/(-2) + -3) is divided by 9.
5
Let x(v) = 52*v**3 - v**2. Calculate the remainder when x(1) is divided by 18.
15
Suppose 2*k + 18 = 5*t + k, -3*t + 18 = 3*k. Suppose -3*y = -4*z + 46, -5*z - y = -t*z - 8. Calculate the remainder when (-294)/(-15) + (-6)/z is divided by 10.
9
Let n = -27 + 15. Let t = 34 + n. Suppose 8*m - 7*m = 12. Calculate the remainder when t is divided by m.
10
Let n(d) = 13*d + 1. Let v(h) = 3*h**2 - h - 1. Let w be v(-1). Suppose 5*a - 80 = w*a. Calculate the remainder when a is divided by n(1).
12
Let v = -84 - -174. What is the remainder when v is divided by 31?
28
Let n = -13 - -25. Let h = n - 5. Calculate the remainder when 19 is divided by h.
5
Let o = -17 - -21. What is the remainder when 7 - -1 - (0 - -1) is divided by o?
3
Let z(k) be the third derivative of 3*k**5/20 + k**4/24 + k**3/6 - 5*k**2. Calculate the remainder when z(2) is divided by 21.
18
Let j(z) = -3*z**2 - 1. Let t be j(-1). Let r(q) = q**2 + 2*q - 2. What is the remainder when r(t) is divided by 4?
2
Let z = -38 - -16. Let x = z - -49. What is the remainder when x is divided by 15?
12
Calculate the remainder when 55 is divided by 200/14 + (-16)/56.
13
Let d = 506 - 320. Suppose -5*c + d = c. Calculate the remainder when c is divided by 11.
9
Let v(q) = 3*q**2 + 4. Suppose 3*l - 2*w + 1 = -0, -l + w - 2 = 0. Calculate the remainder when 59 is divided by v(l).
28
Suppose 5*w + 3*y + 600 = 0, 4*w 